3*l + 0*l = -150. What is the remainder when 216 is divided by h?
51
Let w(r) = 3*r + 4. Suppose -k - u + 112 = 2*k, -1 = -u. Calculate the remainder when k is divided by w(3).
11
Suppose 0 = 6*c - c - 10. Suppose t - 4*t = -5*n - 1, 3*n + c*t = 7. Calculate the remainder when 2 is divided by n.
0
Suppose 0 = 4*f - 2*f - 82. Let x = -7 + 10. Suppose -5*h - 1 = 4*k - 83, -x*h = -3*k - 33. Calculate the remainder when f is divided by h.
13
Suppose -92 = 27*w - 31*w. What is the remainder when w is divided by 6?
5
Suppose 0 = -4*i + 3 + 49. What is the remainder when 64 is divided by i?
12
Let p(d) = 2*d**2 + 6*d + 5. Let j be p(-4). Let u = 23 - j. Suppose 0 = 3*g - 82 + 25. Calculate the remainder when g is divided by u.
9
Suppose -15 + 53 = 2*m. Let s = 460 - 455. What is the remainder when m is divided by s?
4
Suppose -3*n - y + 75 = 0, 2*y + 10 + 8 = n. Calculate the remainder when 95 is divided by n.
23
Let p = 4 + -8. Calculate the remainder when 2/p + (-375)/(-6) is divided by 21.
20
Let w = -1 + 1. Suppose -3*p - 2*p = w. Suppose p = -0*y + y - 6. Calculate the remainder when 22 is divided by y.
4
Suppose l = -4*g + 6*l + 8, 8 = 4*g + 2*l. Suppose 0*u = g*u. Suppose u = -0*j - 2*j + 24. Calculate the remainder when j is divided by 7.
5
Let x(i) = 5*i**2 - 6*i + 3. Let w(u) = -6*u**2 + 6*u - 3. Let h(s) = -6*w(s) - 7*x(s). What is the remainder when h(-8) is divided by 7?
6
Let g = -24 + 35. Calculate the remainder when g is divided by 36/5 - 2/10.
4
Let f = 6 - 7. What is the remainder when (27/(-36))/(f/8) is divided by 2?
0
Suppose -2*i + 35 + 1 = 0. Let u be 2/7 - (-65)/(-7). What is the remainder when i is divided by 3*(2 + (-12)/u)?
8
Let f = -44 - -58. Calculate the remainder when 82 is divided by f.
12
Suppose -3*z - 4*j = 449, 0*z = -4*z + 3*j - 607. Calculate the remainder when z/(-9) + 16/72 is divided by 6.
5
Suppose -48 = 2*h - 3*h. Suppose 6*n - 4*n = h. Suppose -2*f + 5*f + 2*w = n, 0 = -4*f - 2*w + 32. Calculate the remainder when f is divided by 3.
2
Suppose -36 = -3*q + 2*i, 0 = q + 3*q + 4*i - 28. What is the remainder when 47 is divided by q?
7
Calculate the remainder when (-826)/(-98) + 6/(-14) is divided by 7.
1
Suppose 0 = -0*k - k + 26. Let x be 1*39*18/27. Let t = -19 + x. Calculate the remainder when k is divided by t.
5
Let f = 2 + 3. Suppose -20 = -f*l - 3*s + 19, 4*l = 5*s + 46. Suppose -2*g + 17 = -l. Calculate the remainder when g is divided by 7.
6
Let i(j) be the first derivative of 3*j**2/2 - 11*j - 2. Calculate the remainder when 56 is divided by i(10).
18
Calculate the remainder when ((-104)/5)/((-2)/5) is divided by 19.
14
Let c = 117 + -182. Let h = 98 + c. Calculate the remainder when h is divided by 17.
16
Let c = 124 + -78. What is the remainder when 137 is divided by c?
45
Let c be ((-15)/20)/(1/16). Let t = c + 19. What is the remainder when 20 is divided by t?
6
Suppose -31*u + 10 = -26*u. What is the remainder when 10 is divided by u?
0
Let g = 53 - 28. What is the remainder when g is divided by 14?
11
Suppose -l + 16 = l. Let j = l + -9. Let o(v) = -6*v. Calculate the remainder when 10 is divided by o(j).
4
Let p(x) = -3*x + 4. Calculate the remainder when p(-2) is divided by 5.
0
Suppose 7*o + o - 16 = 0. What is the remainder when 4 is divided by o?
0
Let y(r) = r**3 - 3*r**2 + 7*r - 6. Let l be y(4). Suppose -109 = -3*x + l. What is the remainder when x is divided by 10?
9
Let r = -4 - -6. Let b(a) = 3*a**3 - a**2 - a - 2. Suppose -11 = -2*l + 1. What is the remainder when b(r) is divided by l?
4
Suppose -r - 4 = 0, 4*r = -5*a - 0*r - 1. Suppose -a*b + 2*n + 50 = 4*n, 0 = -3*b - n + 46. Calculate the remainder when 68 is divided by b.
12
Suppose -11*k + 55 = -8*k + z, 4*z + 100 = 4*k. What is the remainder when 97 is divided by k?
17
Suppose -2*t = 2*t + 24. Calculate the remainder when (-2)/t - (-260)/12 is divided by 12.
10
What is the remainder when 17 is divided by 5/((-15)/(-39)) - 3?
7
Suppose w - 11 - 8 = 0. Let q(c) = -c + 2. Let u be q(-7). Suppose y - u = -2. Calculate the remainder when w is divided by y.
5
Let x = -181 - -185. What is the remainder when 18 is divided by x?
2
Let r = -34 + 10. Let o be r/(-9)*(-54)/8. Let v = o + 29. What is the remainder when 20 is divided by v?
9
Let b(d) = 2*d**2 + 6*d - 6. Let z(t) = 3*t**2 + 11*t - 12. Let c(h) = 5*b(h) - 3*z(h). Calculate the remainder when 46 is divided by c(5).
14
Let x(d) = -d**3 + 40. Let g be x(0). Suppose 4 - 25 = -u + q, 2*u - g = q. Calculate the remainder when 74 is divided by u.
17
Suppose -3*u + 32 = -u. Suppose -5*k - 60 = -3*j, -5*j = 5*k - 44 - u. What is the remainder when 29 is divided by j?
14
Let q(i) = -i - 3. Let l be q(-7). Suppose -2*v + 34 = -l. What is the remainder when 93 is divided by v?
17
Suppose -2*s = -2 - 4, -u - 5*s + 47 = 0. What is the remainder when 155 is divided by u?
27
Let d = 245 - -53. What is the remainder when d is divided by 50?
48
Suppose -2*x - 3*l + 36 = 0, 0 = 4*x + 3*l + l - 64. Let g be (16/x)/((-2)/(-12)). Let o = g - -6. Calculate the remainder when o is divided by 8.
6
Suppose 3*s = -2*x + 61, -x = x - 5*s - 37. Let w(m) = -m + 2. Calculate the remainder when x is divided by w(-5).
5
Let z(x) = 37*x - 3. Let d(f) = -38*f + 4. Let t(n) = -4*d(n) - 5*z(n). Let o = 5 + -6. What is the remainder when t(o) is divided by 17?
15
Let k(m) = -3*m + 2. What is the remainder when 68 is divided by k(-4)?
12
Let t(i) = -i**2 + 6*i + 8. Let m be t(7). Let g(l) = 2*l + 1. Let a be g(m). Suppose a*r - 4 = 32. What is the remainder when 23 is divided by r?
11
Let m(o) = o**3 - 4*o**2 + 3*o - 6. Let t be m(4). Suppose -d - 265 = -t*d. Calculate the remainder when d is divided by 27.
26
Let t be 30 + 2/2 + -1. Calculate the remainder when 27 is divided by (-3)/(-6)*(t + -2).
13
Suppose 4*l - 3*l + 5 = 2*q, 2*q - 11 = -5*l. Suppose -j - 4*o = q*j + 8, 2*o = 3*j - 19. What is the remainder when j is divided by (3/6)/(1/4)?
1
Suppose 0*z - 4*z + 8 = 0. Suppose 2*a + 5*c - 36 = 20, z*a + 4*c - 52 = 0. Suppose -4*w + 191 + 17 = 0. Calculate the remainder when w is divided by a.
16
Let y be (4 + 8)*2/4. Suppose 4*r - y = -2. What is the remainder when ((-129)/(-3) - r) + 1 is divided by 15?
13
Calculate the remainder when 8 is divided by (-111)/(-21) - 2/7.
3
Let m = -44 - -88. Calculate the remainder when m is divided by 18.
8
Suppose 0 = -2*q + 2. Suppose -4*w - 3 - q = y, -5*y + 1 = -w. Calculate the remainder when 2 + 0 + w + 20 is divided by 11.
10
Let c(l) = -l**3 - 4*l**2 - 3. Let a be c(-3). Let o = a + 18. Suppose -2*w - 9 = -q, 4*q - 40 = -5*w + 48. Calculate the remainder when q is divided by o.
5
Let k = -44 - -79. Calculate the remainder when k is divided by 9.
8
Suppose 7*d - 3*w = 4*d + 21, 3*w - 27 = -3*d. What is the remainder when 22 is divided by d?
6
Let p be ((-8)/(-6))/(3/153). Let t = p - 34. Let n = -29 + 41. Calculate the remainder when t is divided by n.
10
Calculate the remainder when 84 is divided by (-62)/(-16) + 17/136 - -7.
7
Let t(q) be the third derivative of q**5/60 + 7*q**4/24 - q**3/6 - q**2. Calculate the remainder when t(-10) is divided by 15.
14
Suppose -u - 2 = -6. Let l(o) = -o**3 - 8*o**2 + 9*o + 2. Calculate the remainder when u is divided by l(-9).
0
Suppose -4*u + 0 + 8 = 0. Suppose -x = -2*j + 11, u*x = 10 - 0. Calculate the remainder when j is divided by 4/6*(-9)/(-2).
2
Let p(i) = -i**3 + 5*i**2 - 2*i + 3. Let y = -37 + 67. What is the remainder when y is divided by p(2)?
8
Suppose 0 = -0*v - v + 112. Suppose 0 = -p + 5*p - v. Calculate the remainder when p is divided by 15.
13
Suppose 5*z - 2*b - 66 = 0, -5*z - 5*b = -22 - 58. Calculate the remainder when 27 is divided by z.
13
Suppose -2*d - 49 = -9*d. What is the remainder when 22 is divided by d?
1
What is the remainder when (-1)/(-2)*528/3 is divided by 10?
8
Let i(f) = 8*f**2 + 4*f - 9*f**2 - 7 + 5*f. Let w be i(8). Let v(u) = 4*u**3 - u**2 + 2*u - 1. Calculate the remainder when 9 is divided by v(w).
1
Let s(v) = 4*v**2 - 6*v + 3. Calculate the remainder when s(4) is divided by 15.
13
Suppose -4*d + 0*d + 96 = -4*l, -2*d = -5*l - 60. Suppose -34 = -3*a + d. Calculate the remainder when 35 is divided by a.
17
Let l(v) = -v**3 + 9*v**2 + 12*v + 9. Suppose w + 0*w = 10. Calculate the remai